{"id":1317,"date":"2023-04-23T11:56:43","date_gmt":"2023-04-23T09:56:43","guid":{"rendered":"https:\/\/www.svniederau.de\/tischtennis\/?page_id=1317"},"modified":"2026-04-13T16:56:29","modified_gmt":"2026-04-13T14:56:29","slug":"blog-2","status":"publish","type":"page","link":"https:\/\/www.svniederau.de\/tischtennis\/blog-2\/","title":{"rendered":"Blog"},"content":{"rendered":"\n<div class=\"et_pb_section_0 et_pb_section et_section_regular et_block_section preset--module--divi-section--fb55cf15-0143-4ae8-ab84-d5cea4a8cf8f\" id=\"blog-04\"><div class=\"et_pb_row_0 et_pb_row et_pb_row_3-4_1-4 et_block_row et_block_row_3-4_1-4 preset--module--divi-row--4fbc95f6-b4e3-466f-bb22-16fdc70142da\"><div class=\"et_pb_column_0 et_pb_column et_pb_column_3_4 et_block_column et_pb_css_mix_blend_mode_passthrough\"><div class=\"et_pb_text_0 et_pb_text et_pb_bg_layout_light et_pb_module et_block_module\"><div class=\"et_pb_text_inner\"><h2>Alles unser Beitr\u00e4ge<\/h2>\n<\/div><\/div><div class=\"et_pb_blog_0 et_pb_blog et_pb_bg_layout_light et_pb_posts et_pb_module blog-style-04\"><div class=\"et_pb_ajax_pagination_container\"><div class=\"et_pb_posts et_grid_module\"><article class=\"et_pb_post et_pb_post_id_1350 clearfix et_pb_no_thumb et_pb_has_overlay et_pb_blog_item_0_0 post-1350 post type-post status-publish format-standard hentry category-allgemein\"><h2 class=\"entry-title\"><a href=\"https:\/\/www.svniederau.de\/tischtennis\/2023\/10\/31\/trauer-um-gunter-kahrass\/\">Trauer um Gunter Kahra\u00df<\/a><\/h2><p class=\"post-meta\">von <span class=\"author vcard\"><a href=\"https:\/\/www.svniederau.de\/tischtennis\/author\/alwolf\/\" title=\"Beitr\u00e4ge von Thomas Wolff\" rel=\"author\">Thomas Wolff<\/a><\/span> | <span class=\"published\">Okt. 31, 2023<\/span> | <span class=\"entry-categories\"><a href=\"https:\/\/www.svniederau.de\/tischtennis\/category\/allgemein\/\" rel=\"tag\">Allgemein<\/a><\/span><\/p><div class=\"post-content\"><div class=\"post-content-inner\"><p>In tiefer Trauer nimmt der SV Niederau von Gunter Kahra\u00df Abschied. Der Familie und den Angeh\u00f6rigen unser aufrichtiges&#8230;<\/p>\n<\/div><a href=\"https:\/\/www.svniederau.de\/tischtennis\/2023\/10\/31\/trauer-um-gunter-kahrass\/\" class=\"more-link\">mehr lesen&#8230;<\/a><\/div><\/article><article class=\"et_pb_post et_pb_post_id_1215 clearfix et_pb_no_thumb et_pb_has_overlay et_pb_blog_item_0_1 post-1215 post type-post status-publish format-standard hentry category-allgemein\"><h2 class=\"entry-title\"><a href=\"https:\/\/www.svniederau.de\/tischtennis\/2022\/04\/11\/nachruf-2\/\">Nachruf<\/a><\/h2><p class=\"post-meta\">von <span class=\"author vcard\"><a href=\"https:\/\/www.svniederau.de\/tischtennis\/author\/alwolf\/\" title=\"Beitr\u00e4ge von Thomas Wolff\" rel=\"author\">Thomas Wolff<\/a><\/span> | <span class=\"published\">Apr. 11, 2022<\/span> | <span class=\"entry-categories\"><a href=\"https:\/\/www.svniederau.de\/tischtennis\/category\/allgemein\/\" rel=\"tag\">Allgemein<\/a><\/span><\/p><div class=\"post-content\"><div class=\"post-content-inner\"><p>Der SV Niederau trauert um sein langj\u00e4hriges Mitglied Hartmut Klein, der am 04. April 2022 im Alter von 74 Jahren&#8230;<\/p>\n<\/div><a href=\"https:\/\/www.svniederau.de\/tischtennis\/2022\/04\/11\/nachruf-2\/\" class=\"more-link\">mehr lesen&#8230;<\/a><\/div><\/article><article class=\"et_pb_post et_pb_post_id_1208 clearfix et_pb_no_thumb et_pb_has_overlay et_pb_blog_item_0_2 post-1208 post type-post status-publish format-standard hentry category-allgemein\"><h2 class=\"entry-title\"><a href=\"https:\/\/www.svniederau.de\/tischtennis\/2022\/03\/17\/3g-regel-in-der-halle\/\">3G- Regel in der Halle<\/a><\/h2><p class=\"post-meta\">von <span class=\"author vcard\"><a href=\"https:\/\/www.svniederau.de\/tischtennis\/author\/alwolf\/\" title=\"Beitr\u00e4ge von Thomas Wolff\" rel=\"author\">Thomas Wolff<\/a><\/span> | <span class=\"published\">M\u00e4rz 17, 2022<\/span> | <span class=\"entry-categories\"><a href=\"https:\/\/www.svniederau.de\/tischtennis\/category\/allgemein\/\" rel=\"tag\">Allgemein<\/a><\/span><\/p><div class=\"post-content\"><div class=\"post-content-inner\"><p>Ab sofort ist der Spielbetrieb in der Niederauer Halle unter &#8222;3G&#8220; m\u00f6glich!<\/p>\n<\/div><a href=\"https:\/\/www.svniederau.de\/tischtennis\/2022\/03\/17\/3g-regel-in-der-halle\/\" class=\"more-link\">mehr lesen&#8230;<\/a><\/div><\/article><article class=\"et_pb_post et_pb_post_id_1173 clearfix et_pb_no_thumb et_pb_has_overlay et_pb_blog_item_0_3 post-1173 post type-post status-publish format-standard hentry category-allgemein\"><h2 class=\"entry-title\"><a href=\"https:\/\/www.svniederau.de\/tischtennis\/2022\/01\/20\/training-ab-19-01-2022-wieder-moeglich\/\">Training ab 19.01.2022 wieder m\u00f6glich<\/a><\/h2><p class=\"post-meta\">von <span class=\"author vcard\"><a href=\"https:\/\/www.svniederau.de\/tischtennis\/author\/alwolf\/\" title=\"Beitr\u00e4ge von Thomas Wolff\" rel=\"author\">Thomas Wolff<\/a><\/span> | <span class=\"published\">Jan. 20, 2022<\/span> | <span class=\"entry-categories\"><a href=\"https:\/\/www.svniederau.de\/tischtennis\/category\/allgemein\/\" rel=\"tag\">Allgemein<\/a><\/span><\/p><div class=\"post-content\"><div class=\"post-content-inner\"><p>Ab dem 19.01.2022 ist es wieder m\u00f6glich zu trainieren. Allerdings ist dies ausschlie\u00dflich unter 2G+ m\u00f6glich! Geimpfte sowie&#8230;<\/p>\n<\/div><a href=\"https:\/\/www.svniederau.de\/tischtennis\/2022\/01\/20\/training-ab-19-01-2022-wieder-moeglich\/\" class=\"more-link\">mehr lesen&#8230;<\/a><\/div><\/article><\/div><div class=\"pagination clearfix\">\n\t<div class=\"alignleft\"><a href=\"https:\/\/www.svniederau.de\/tischtennis\/wp-json\/wp\/v2\/pages\/1317\/page\/2\/?et_blog\" >&laquo; \u00c4ltere Eintr\u00e4ge<\/a><\/div>\n\t<div class=\"alignright\"><\/div>\n<\/div><\/div><\/div><\/div><\/div><\/div>\n","protected":false},"excerpt":{"rendered":"","protected":false},"author":10,"featured_media":0,"parent":0,"menu_order":0,"comment_status":"closed","ping_status":"closed","template":"","meta":{"footnotes":""},"class_list":["post-1317","page","type-page","status-publish","hentry"],"dsm_author":{"name":"jacke1970","avatar_url":"https:\/\/secure.gravatar.com\/avatar\/0cce95cb9084df911e40e181276919d91a8210af21ca594d60e3c46798e564e0?s=96&d=mm&r=g","archive_link":"https:\/\/www.svniederau.de\/tischtennis\/author\/jacke1970\/","biodata":""},"dsm_categories":[],"dsm_attachment_categories":[],"dsm_featured_image":null,"_links":{"self":[{"href":"https:\/\/www.svniederau.de\/tischtennis\/wp-json\/wp\/v2\/pages\/1317","targetHints":{"allow":["GET"]}}],"collection":[{"href":"https:\/\/www.svniederau.de\/tischtennis\/wp-json\/wp\/v2\/pages"}],"about":[{"href":"https:\/\/www.svniederau.de\/tischtennis\/wp-json\/wp\/v2\/types\/page"}],"author":[{"embeddable":true,"href":"https:\/\/www.svniederau.de\/tischtennis\/wp-json\/wp\/v2\/users\/10"}],"replies":[{"embeddable":true,"href":"https:\/\/www.svniederau.de\/tischtennis\/wp-json\/wp\/v2\/comments?post=1317"}],"version-history":[{"count":6,"href":"https:\/\/www.svniederau.de\/tischtennis\/wp-json\/wp\/v2\/pages\/1317\/revisions"}],"predecessor-version":[{"id":1394,"href":"https:\/\/www.svniederau.de\/tischtennis\/wp-json\/wp\/v2\/pages\/1317\/revisions\/1394"}],"wp:attachment":[{"href":"https:\/\/www.svniederau.de\/tischtennis\/wp-json\/wp\/v2\/media?parent=1317"}],"curies":[{"name":"wp","href":"https:\/\/api.w.org\/{rel}","templated":true}]}}

<div class="et_pb_section_0 et_pb_section et_section_regular et_block_section preset--module--divi-section--fb55cf15-0143-4ae8-ab84-d5cea4a8cf8f" id="blog-04"><div class="et_pb_row_0 et_pb_row et_pb_row_3-4_1-4 et_block_row et_block_row_3-4_1-4 preset--module--divi-row--4fbc95f6-b4e3-466f-bb22-16fdc70142da"><div class="et_pb_column_0 et_pb_column et_pb_column_3_4 et_block_column et_pb_css_mix_blend_mode_passthrough"><div class="et_pb_text_0 et_pb_text et_pb_bg_layout_light et_pb_module et_block_module"><div class="et_pb_text_inner"><h2>Alles unser Beiträge</h2>
</div></div><div class="et_pb_blog_0 et_pb_blog et_pb_bg_layout_light et_pb_posts et_pb_module blog-style-04"><div class="et_pb_ajax_pagination_container"><div class="et_pb_posts et_grid_module"><article class="et_pb_post et_pb_post_id_1350 clearfix et_pb_no_thumb et_pb_has_overlay et_pb_blog_item_0_0 post-1350 post type-post status-publish format-standard hentry category-allgemein"><h2 class="entry-title"><a href="https://www.svniederau.de/tischtennis/2023/10/31/trauer-um-gunter-kahrass/">Trauer um Gunter Kahraß</a></h2><p class="post-meta">von <span class="author vcard"><a href="https://www.svniederau.de/tischtennis/author/alwolf/" title="Beiträge von Thomas Wolff" rel="author">Thomas Wolff</a></span> | <span class="published">Okt. 31, 2023</span> | <span class="entry-categories"><a href="https://www.svniederau.de/tischtennis/category/allgemein/" rel="tag">Allgemein</a></span></p><div class="post-content"><div class="post-content-inner"><p>In tiefer Trauer nimmt der SV Niederau von Gunter Kahraß Abschied. Der Familie und den Angehörigen unser aufrichtiges&#8230;</p>
</div><a href="https://www.svniederau.de/tischtennis/2023/10/31/trauer-um-gunter-kahrass/" class="more-link">mehr lesen&#8230;</a></div></article><article class="et_pb_post et_pb_post_id_1215 clearfix et_pb_no_thumb et_pb_has_overlay et_pb_blog_item_0_1 post-1215 post type-post status-publish format-standard hentry category-allgemein"><h2 class="entry-title"><a href="https://www.svniederau.de/tischtennis/2022/04/11/nachruf-2/">Nachruf</a></h2><p class="post-meta">von <span class="author vcard"><a href="https://www.svniederau.de/tischtennis/author/alwolf/" title="Beiträge von Thomas Wolff" rel="author">Thomas Wolff</a></span> | <span class="published">Apr. 11, 2022</span> | <span class="entry-categories"><a href="https://www.svniederau.de/tischtennis/category/allgemein/" rel="tag">Allgemein</a></span></p><div class="post-content"><div class="post-content-inner"><p>Der SV Niederau trauert um sein langjähriges Mitglied Hartmut Klein, der am 04. April 2022 im Alter von 74 Jahren&#8230;</p>
</div><a href="https://www.svniederau.de/tischtennis/2022/04/11/nachruf-2/" class="more-link">mehr lesen&#8230;</a></div></article><article class="et_pb_post et_pb_post_id_1208 clearfix et_pb_no_thumb et_pb_has_overlay et_pb_blog_item_0_2 post-1208 post type-post status-publish format-standard hentry category-allgemein"><h2 class="entry-title"><a href="https://www.svniederau.de/tischtennis/2022/03/17/3g-regel-in-der-halle/">3G- Regel in der Halle</a></h2><p class="post-meta">von <span class="author vcard"><a href="https://www.svniederau.de/tischtennis/author/alwolf/" title="Beiträge von Thomas Wolff" rel="author">Thomas Wolff</a></span> | <span class="published">März 17, 2022</span> | <span class="entry-categories"><a href="https://www.svniederau.de/tischtennis/category/allgemein/" rel="tag">Allgemein</a></span></p><div class="post-content"><div class="post-content-inner"><p>Ab sofort ist der Spielbetrieb in der Niederauer Halle unter &#8222;3G&#8220; möglich!</p>
</div><a href="https://www.svniederau.de/tischtennis/2022/03/17/3g-regel-in-der-halle/" class="more-link">mehr lesen&#8230;</a></div></article><article class="et_pb_post et_pb_post_id_1173 clearfix et_pb_no_thumb et_pb_has_overlay et_pb_blog_item_0_3 post-1173 post type-post status-publish format-standard hentry category-allgemein"><h2 class="entry-title"><a href="https://www.svniederau.de/tischtennis/2022/01/20/training-ab-19-01-2022-wieder-moeglich/">Training ab 19.01.2022 wieder möglich</a></h2><p class="post-meta">von <span class="author vcard"><a href="https://www.svniederau.de/tischtennis/author/alwolf/" title="Beiträge von Thomas Wolff" rel="author">Thomas Wolff</a></span> | <span class="published">Jan. 20, 2022</span> | <span class="entry-categories"><a href="https://www.svniederau.de/tischtennis/category/allgemein/" rel="tag">Allgemein</a></span></p><div class="post-content"><div class="post-content-inner"><p>Ab dem 19.01.2022 ist es wieder möglich zu trainieren. Allerdings ist dies ausschließlich unter 2G+ möglich! Geimpfte sowie&#8230;</p>
</div><a href="https://www.svniederau.de/tischtennis/2022/01/20/training-ab-19-01-2022-wieder-moeglich/" class="more-link">mehr lesen&#8230;</a></div></article></div><div class="pagination clearfix">
	<div class="alignleft"><a href="https://www.svniederau.de/tischtennis/wp-json/wp/v2/pages/1317/page/2/?et_blog" >&laquo; Ältere Einträge</a></div>
	<div class="alignright"></div>
</div></div></div></div></div></div>
